{"id":492,"date":"2026-04-16T08:33:52","date_gmt":"2026-04-16T08:33:52","guid":{"rendered":"https:\/\/demopss.pl\/?page_id=492"},"modified":"2026-04-16T11:06:14","modified_gmt":"2026-04-16T11:06:14","slug":"rada-nadzorcza","status":"publish","type":"page","link":"https:\/\/demopss.pl\/?page_id=492","title":{"rendered":"Rada Nadzorcza"},"content":{"rendered":"\t\t<div data-elementor-type=\"wp-page\" data-elementor-id=\"492\" class=\"elementor elementor-492\" data-elementor-post-type=\"page\">\n\t\t\t\t<div class=\"elementor-element elementor-element-6713c62e e-flex e-con-boxed elementor-invisible e-con e-parent\" data-id=\"6713c62e\" data-element_type=\"container\" data-e-type=\"container\" data-settings=\"{&quot;background_background&quot;:&quot;classic&quot;,&quot;background_motion_fx_motion_fx_scrolling&quot;:&quot;yes&quot;,&quot;background_motion_fx_translateY_effect&quot;:&quot;yes&quot;,&quot;animation&quot;:&quot;fadeIn&quot;,&quot;background_motion_fx_translateY_speed&quot;:{&quot;unit&quot;:&quot;px&quot;,&quot;size&quot;:4,&quot;sizes&quot;:[]},&quot;background_motion_fx_translateY_affectedRange&quot;:{&quot;unit&quot;:&quot;%&quot;,&quot;size&quot;:&quot;&quot;,&quot;sizes&quot;:{&quot;start&quot;:0,&quot;end&quot;:100}},&quot;background_motion_fx_devices&quot;:[&quot;desktop&quot;,&quot;tablet&quot;,&quot;mobile&quot;]}\">\n\t\t\t\t\t<div class=\"e-con-inner\">\n\t\t\t\t<div class=\"elementor-element elementor-element-6fc2683f elementor-widget elementor-widget-heading\" data-id=\"6fc2683f\" data-element_type=\"widget\" data-e-type=\"widget\" data-widget_type=\"heading.default\">\n\t\t\t\t\t<h5 class=\"elementor-heading-title elementor-size-default\">PSS - Powszechna Sp\u00f3\u0142dzielnia Spo\u017cywc\u00f3w\u200b<\/h5>\t\t\t\t<\/div>\n\t\t\t\t<div class=\"elementor-element elementor-element-2df0f9e4 elementor-widget elementor-widget-heading\" data-id=\"2df0f9e4\" data-element_type=\"widget\" data-e-type=\"widget\" data-widget_type=\"heading.default\">\n\t\t\t\t\t<h1 class=\"elementor-heading-title elementor-size-default\">Rada nadzorcza<\/h1>\t\t\t\t<\/div>\n\t\t\t\t<div class=\"elementor-element elementor-element-58cdeaac elementor-widget elementor-widget-heading\" data-id=\"58cdeaac\" data-element_type=\"widget\" data-e-type=\"widget\" data-widget_type=\"heading.default\">\n\t\t\t\t\t<h5 class=\"elementor-heading-title elementor-size-default\">Rada Nadzorcza \u201eSpo\u0142em\u201d PSS sprawuje kontrol\u0119 nad dzia\u0142alno\u015bci\u0105 Sp\u00f3\u0142dzielni i dba o jej prawid\u0142owe funkcjonowanie.<\/h5>\t\t\t\t<\/div>\n\t\t\t\t\t<\/div>\n\t\t\t\t<\/div>\n\t\t<div class=\"elementor-element elementor-element-7a51e30c e-flex e-con-boxed e-con e-parent\" data-id=\"7a51e30c\" data-element_type=\"container\" data-e-type=\"container\">\n\t\t\t\t\t<div class=\"e-con-inner\">\n\t\t\t\t<div class=\"elementor-element elementor-element-60c05bc4 elementor-widget elementor-widget-home_page_section_v3_250\" data-id=\"60c05bc4\" data-element_type=\"widget\" data-e-type=\"widget\" data-widget_type=\"home_page_section_v3_250.default\">\n\t\t\t\t<div class=\"elementor-widget-container\">\n\t\t\t\t\t\t\t<div class=\"hps-250-container\">\r\n\t\t\t<div class=\"hps-250-row hps-250-row-reverse\">\r\n\t\t\t\t<div class=\"hps-250-col hps-250-images hps-250-images-right hps-250-single-image\">\r\n\t\t\t\t\t<div class=\"hps-250-img-wrapper hps-250-img-large\" data-scroll-speed=\"0.1\">\r\n\t\t\t\t\t\t<img decoding=\"async\" src=\"https:\/\/demopss.pl\/wp-content\/uploads\/2026\/04\/sklep-logo-pss-logo-wizualizacja.webp\" alt=\"\">\r\n\t\t\t\t\t<\/div>\r\n\t\t\t\t\t\t\t\t\t<\/div>\r\n\t\t\t\t<div class=\"hps-250-col hps-250-content\">\r\n\t\t\t\t\t<h2 class=\"hps-250-heading\">Rada Nadzorcza<\/h2>\r\n\t\t\t\t\t<div class=\"hps-250-text\"><p><strong>W sk\u0142ad Rady Nadzorczej wchodz\u0105: Przewodnicz\u0105cy, Zast\u0119pca Przewodnicz\u0105cego, Sekretarz oraz Cz\u0142onkowie, kt\u00f3rzy reprezentuj\u0105 interesy cz\u0142onk\u00f3w Sp\u00f3\u0142dzielni i nadzoruj\u0105 prac\u0119 Zarz\u0105du.<\/strong><\/p><p>Do jej zada\u0144 nale\u017cy ocena dzia\u0142alno\u015bci gospodarczej, kontrola finans\u00f3w oraz podejmowanie decyzji istotnych dla rozwoju organizacji. W ramach Rady dzia\u0142a r\u00f3wnie\u017c Komisja Rewizyjna, sk\u0142adaj\u0105ca si\u0119 z Przewodnicz\u0105cego, Zast\u0119pcy oraz Sekretarza, kt\u00f3rej zadaniem jest szczeg\u00f3\u0142owa kontrola i analiza funkcjonowania Sp\u00f3\u0142dzielni. Dzi\u0119ki temu zapewniona jest przejrzysto\u015b\u0107 dzia\u0142a\u0144 oraz stabilny rozw\u00f3j \u201eSpo\u0142em\u201d.<\/p><\/div>\r\n\t\t\t\t<\/div>\r\n\t\t\t<\/div>\r\n\t\t<\/div>\r\n\t\t\t\t\t\t<\/div>\n\t\t\t\t<\/div>\n\t\t\t\t\t<\/div>\n\t\t\t\t<\/div>\n\t\t\t\t<\/div>\n\t\t","protected":false},"excerpt":{"rendered":"<p>PSS &#8211; Powszechna Sp\u00f3\u0142dzielnia Spo\u017cywc\u00f3w\u200b Rada nadzorcza Rada Nadzorcza \u201eSpo\u0142em\u201d PSS sprawuje kontrol\u0119 nad dzia\u0142alno\u015bci\u0105 Sp\u00f3\u0142dzielni i dba o jej prawid\u0142owe funkcjonowanie. Rada Nadzorcza W sk\u0142ad Rady Nadzorczej wchodz\u0105: Przewodnicz\u0105cy, Zast\u0119pca Przewodnicz\u0105cego, Sekretarz oraz Cz\u0142onkowie, kt\u00f3rzy reprezentuj\u0105 interesy cz\u0142onk\u00f3w Sp\u00f3\u0142dzielni i nadzoruj\u0105 prac\u0119 Zarz\u0105du. Do jej zada\u0144 nale\u017cy ocena dzia\u0142alno\u015bci gospodarczej, kontrola finans\u00f3w oraz podejmowanie [&hellip;]<\/p>\n","protected":false},"author":1,"featured_media":0,"parent":0,"menu_order":0,"comment_status":"closed","ping_status":"closed","template":"","meta":{"_angie_page":false,"footnotes":""},"class_list":["post-492","page","type-page","status-publish","hentry"],"_links":{"self":[{"href":"https:\/\/demopss.pl\/index.php?rest_route=\/wp\/v2\/pages\/492","targetHints":{"allow":["GET"]}}],"collection":[{"href":"https:\/\/demopss.pl\/index.php?rest_route=\/wp\/v2\/pages"}],"about":[{"href":"https:\/\/demopss.pl\/index.php?rest_route=\/wp\/v2\/types\/page"}],"author":[{"embeddable":true,"href":"https:\/\/demopss.pl\/index.php?rest_route=\/wp\/v2\/users\/1"}],"replies":[{"embeddable":true,"href":"https:\/\/demopss.pl\/index.php?rest_route=%2Fwp%2Fv2%2Fcomments&post=492"}],"version-history":[{"count":13,"href":"https:\/\/demopss.pl\/index.php?rest_route=\/wp\/v2\/pages\/492\/revisions"}],"predecessor-version":[{"id":673,"href":"https:\/\/demopss.pl\/index.php?rest_route=\/wp\/v2\/pages\/492\/revisions\/673"}],"wp:attachment":[{"href":"https:\/\/demopss.pl\/index.php?rest_route=%2Fwp%2Fv2%2Fmedia&parent=492"}],"curies":[{"name":"wp","href":"https:\/\/api.w.org\/{rel}","templated":true}]}}