{"id":454,"date":"2026-04-16T08:33:50","date_gmt":"2026-04-16T08:33:50","guid":{"rendered":"https:\/\/demopss.pl\/?page_id=454"},"modified":"2026-04-16T10:45:02","modified_gmt":"2026-04-16T10:45:02","slug":"ciastkarnia","status":"publish","type":"page","link":"https:\/\/demopss.pl\/?page_id=454","title":{"rendered":"Ciastkarnia"},"content":{"rendered":"\t\t<div data-elementor-type=\"wp-page\" data-elementor-id=\"454\" class=\"elementor elementor-454\" data-elementor-post-type=\"page\">\n\t\t\t\t<div class=\"elementor-element elementor-element-3ca54cb6 e-flex e-con-boxed elementor-invisible e-con e-parent\" data-id=\"3ca54cb6\" data-element_type=\"container\" data-e-type=\"container\" data-settings=\"{&quot;background_background&quot;:&quot;classic&quot;,&quot;background_motion_fx_motion_fx_scrolling&quot;:&quot;yes&quot;,&quot;background_motion_fx_translateY_effect&quot;:&quot;yes&quot;,&quot;animation&quot;:&quot;fadeIn&quot;,&quot;background_motion_fx_translateY_speed&quot;:{&quot;unit&quot;:&quot;px&quot;,&quot;size&quot;:4,&quot;sizes&quot;:[]},&quot;background_motion_fx_translateY_affectedRange&quot;:{&quot;unit&quot;:&quot;%&quot;,&quot;size&quot;:&quot;&quot;,&quot;sizes&quot;:{&quot;start&quot;:0,&quot;end&quot;:100}},&quot;background_motion_fx_devices&quot;:[&quot;desktop&quot;,&quot;tablet&quot;,&quot;mobile&quot;]}\">\n\t\t\t\t\t<div class=\"e-con-inner\">\n\t\t\t\t<div class=\"elementor-element elementor-element-77bc6dbf elementor-widget elementor-widget-heading\" data-id=\"77bc6dbf\" data-element_type=\"widget\" data-e-type=\"widget\" data-widget_type=\"heading.default\">\n\t\t\t\t\t<h5 class=\"elementor-heading-title elementor-size-default\">PSS Powszechna Sp\u00f3\u0142dzielnia Spo\u017cywc\u00f3w<\/h5>\t\t\t\t<\/div>\n\t\t\t\t<div class=\"elementor-element elementor-element-8eeec0e elementor-widget elementor-widget-heading\" data-id=\"8eeec0e\" data-element_type=\"widget\" data-e-type=\"widget\" data-widget_type=\"heading.default\">\n\t\t\t\t\t<h1 class=\"elementor-heading-title elementor-size-default\">Ciastkarnia<\/h1>\t\t\t\t<\/div>\n\t\t\t\t<div class=\"elementor-element elementor-element-37e51fde elementor-widget elementor-widget-heading\" data-id=\"37e51fde\" data-element_type=\"widget\" data-e-type=\"widget\" data-widget_type=\"heading.default\">\n\t\t\t\t\t<h5 class=\"elementor-heading-title elementor-size-default\">Oferujemy szerok\u0105 gam\u0119 ciast i wyrob\u00f3w cukierniczych, takich jak serniki, jab\u0142eczniki, rolady, p\u0105czki, s\u0142odkie bu\u0142eczki, torciki oraz torty okoliczno\u015bciowe w r\u00f3\u017cnych kszta\u0142tach i smakach.<\/h5>\t\t\t\t<\/div>\n\t\t\t\t<div class=\"elementor-element elementor-element-2d27cf6a elementor-widget__width-auto elementor-align-right elementor-widget elementor-widget-button\" data-id=\"2d27cf6a\" data-element_type=\"widget\" data-e-type=\"widget\" data-widget_type=\"button.default\">\n\t\t\t\t\t\t\t\t\t\t<a class=\"elementor-button elementor-button-link elementor-size-sm\" href=\"#\">\n\t\t\t\t\t\t<span class=\"elementor-button-content-wrapper\">\n\t\t\t\t\t\t\t\t\t<span class=\"elementor-button-text\">Zapraszamy!<\/span>\n\t\t\t\t\t<\/span>\n\t\t\t\t\t<\/a>\n\t\t\t\t\t\t\t\t<\/div>\n\t\t\t\t\t<\/div>\n\t\t\t\t<\/div>\n\t\t<div class=\"elementor-element elementor-element-5233fe56 e-flex e-con-boxed e-con e-parent\" data-id=\"5233fe56\" data-element_type=\"container\" data-e-type=\"container\">\n\t\t\t\t\t<div class=\"e-con-inner\">\n\t\t\t\t<div class=\"elementor-element elementor-element-2ad1c10a elementor-widget elementor-widget-home_page_section_v3_250\" data-id=\"2ad1c10a\" data-element_type=\"widget\" data-e-type=\"widget\" data-widget_type=\"home_page_section_v3_250.default\">\n\t\t\t\t<div class=\"elementor-widget-container\">\n\t\t\t\t\t\t\t<div class=\"hps-250-container\">\r\n\t\t\t<div class=\"hps-250-row\">\r\n\t\t\t\t<div class=\"hps-250-col hps-250-images hps-250-images-left\">\r\n\t\t\t\t\t<div class=\"hps-250-img-wrapper hps-250-img-large\" data-scroll-speed=\"0.1\">\r\n\t\t\t\t\t\t<img decoding=\"async\" src=\"https:\/\/demopss.pl\/wp-content\/uploads\/2026\/04\/ciastka-suche-pss-spolem-busko.webp\" alt=\"\">\r\n\t\t\t\t\t<\/div>\r\n\t\t\t\t\t\t\t\t\t\t<div class=\"hps-250-img-wrapper hps-250-img-small\" data-scroll-speed=\"0.3\">\r\n\t\t\t\t\t\t<img decoding=\"async\" src=\"https:\/\/demopss.pl\/wp-content\/uploads\/2026\/04\/ciasta-tory-pss-busko-scaled-1.webp\" alt=\"\">\r\n\t\t\t\t\t<\/div>\r\n\t\t\t\t\t\t\t\t\t<\/div>\r\n\t\t\t\t<div class=\"hps-250-col hps-250-content\">\r\n\t\t\t\t\t<h2 class=\"hps-250-heading\">Wyroby ciastkarskie i torty<\/h2>\r\n\t\t\t\t\t<div class=\"hps-250-text\"><p><strong>Oferujemy szerok\u0105 gam\u0119 ciast i wyrob\u00f3w cukierniczych, takich jak serniki, jab\u0142eczniki, rolady, p\u0105czki, s\u0142odkie bu\u0142eczki, torciki oraz torty okoliczno\u015bciowe w r\u00f3\u017cnych kszta\u0142tach i smakach. <\/strong><\/p>\n<p>Nasze produkty trafiaj\u0105 zar\u00f3wno do klient\u00f3w indywidualnych, jak i do dom\u00f3w weselnych, sanatori\u00f3w, szpitali oraz w\u0142asnej sieci sklep\u00f3w.<\/p><\/div>\r\n\t\t\t\t<\/div>\r\n\t\t\t<\/div>\r\n\t\t<\/div>\r\n\t\t\t\t\t\t<\/div>\n\t\t\t\t<\/div>\n\t\t\t\t<div class=\"elementor-element elementor-element-14f5b75 elementor-widget elementor-widget-home_page_section_v3_250\" data-id=\"14f5b75\" data-element_type=\"widget\" data-e-type=\"widget\" data-widget_type=\"home_page_section_v3_250.default\">\n\t\t\t\t<div class=\"elementor-widget-container\">\n\t\t\t\t\t\t\t<div class=\"hps-250-container\">\r\n\t\t\t<div class=\"hps-250-row hps-250-row-reverse\">\r\n\t\t\t\t<div class=\"hps-250-col hps-250-images hps-250-images-right hps-250-single-image\">\r\n\t\t\t\t\t<div class=\"hps-250-img-wrapper hps-250-img-large\" data-scroll-speed=\"0.1\">\r\n\t\t\t\t\t\t<img decoding=\"async\" src=\"https:\/\/demopss.pl\/wp-content\/uploads\/2026\/04\/ciastka-pss-busko-drozdzowki-scaled-1.webp\" alt=\"\">\r\n\t\t\t\t\t<\/div>\r\n\t\t\t\t\t\t\t\t\t<\/div>\r\n\t\t\t\t<div class=\"hps-250-col hps-250-content\">\r\n\t\t\t\t\t<h2 class=\"hps-250-heading\">Tradycja i sprawdzone receptury<\/h2>\r\n\t\t\t\t\t<div class=\"hps-250-text\"><p><strong>Wyroby powstaj\u0105 metod\u0105 tradycyjn\u0105, wed\u0142ug sprawdzonych receptur, z wykorzystaniem naturalnych sk\u0142adnik\u00f3w, bez konserwant\u00f3w i chemicznych dodatk\u00f3w.<\/strong><\/p><p>Produkcja odbywa si\u0119 pod nadzorem s\u0142u\u017cb sanitarno-epidemiologicznych, a wszystkie wyroby posiadaj\u0105 odpowiednie atesty i badania potwierdzaj\u0105ce ich jako\u015b\u0107.<\/p><\/div>\r\n\t\t\t\t<\/div>\r\n\t\t\t<\/div>\r\n\t\t<\/div>\r\n\t\t\t\t\t\t<\/div>\n\t\t\t\t<\/div>\n\t\t\t\t\t<\/div>\n\t\t\t\t<\/div>\n\t\t\t\t<\/div>\n\t\t","protected":false},"excerpt":{"rendered":"<p>PSS Powszechna Sp\u00f3\u0142dzielnia Spo\u017cywc\u00f3w Ciastkarnia Oferujemy szerok\u0105 gam\u0119 ciast i wyrob\u00f3w cukierniczych, takich jak serniki, jab\u0142eczniki, rolady, p\u0105czki, s\u0142odkie bu\u0142eczki, torciki oraz torty okoliczno\u015bciowe w r\u00f3\u017cnych kszta\u0142tach i smakach. Zapraszamy! Wyroby ciastkarskie i torty Oferujemy szerok\u0105 gam\u0119 ciast i wyrob\u00f3w cukierniczych, takich jak serniki, jab\u0142eczniki, rolady, p\u0105czki, s\u0142odkie bu\u0142eczki, torciki oraz torty okoliczno\u015bciowe w r\u00f3\u017cnych [&hellip;]<\/p>\n","protected":false},"author":1,"featured_media":0,"parent":0,"menu_order":0,"comment_status":"closed","ping_status":"closed","template":"","meta":{"_angie_page":false,"footnotes":""},"class_list":["post-454","page","type-page","status-publish","hentry"],"_links":{"self":[{"href":"https:\/\/demopss.pl\/index.php?rest_route=\/wp\/v2\/pages\/454","targetHints":{"allow":["GET"]}}],"collection":[{"href":"https:\/\/demopss.pl\/index.php?rest_route=\/wp\/v2\/pages"}],"about":[{"href":"https:\/\/demopss.pl\/index.php?rest_route=\/wp\/v2\/types\/page"}],"author":[{"embeddable":true,"href":"https:\/\/demopss.pl\/index.php?rest_route=\/wp\/v2\/users\/1"}],"replies":[{"embeddable":true,"href":"https:\/\/demopss.pl\/index.php?rest_route=%2Fwp%2Fv2%2Fcomments&post=454"}],"version-history":[{"count":11,"href":"https:\/\/demopss.pl\/index.php?rest_route=\/wp\/v2\/pages\/454\/revisions"}],"predecessor-version":[{"id":586,"href":"https:\/\/demopss.pl\/index.php?rest_route=\/wp\/v2\/pages\/454\/revisions\/586"}],"wp:attachment":[{"href":"https:\/\/demopss.pl\/index.php?rest_route=%2Fwp%2Fv2%2Fmedia&parent=454"}],"curies":[{"name":"wp","href":"https:\/\/api.w.org\/{rel}","templated":true}]}}