{"id":427,"date":"2026-04-16T08:33:47","date_gmt":"2026-04-16T08:33:47","guid":{"rendered":"https:\/\/demopss.pl\/?page_id=427"},"modified":"2026-04-16T10:57:34","modified_gmt":"2026-04-16T10:57:34","slug":"moje-doladowania","status":"publish","type":"page","link":"https:\/\/demopss.pl\/?page_id=427","title":{"rendered":"Moje do\u0142adowania"},"content":{"rendered":"\t\t<div data-elementor-type=\"wp-page\" data-elementor-id=\"427\" class=\"elementor elementor-427\" data-elementor-post-type=\"page\">\n\t\t\t\t<div class=\"elementor-element elementor-element-6879d09a e-flex e-con-boxed elementor-invisible e-con e-parent\" data-id=\"6879d09a\" data-element_type=\"container\" data-e-type=\"container\" data-settings=\"{&quot;background_background&quot;:&quot;classic&quot;,&quot;background_motion_fx_motion_fx_scrolling&quot;:&quot;yes&quot;,&quot;background_motion_fx_translateY_effect&quot;:&quot;yes&quot;,&quot;animation&quot;:&quot;fadeIn&quot;,&quot;background_motion_fx_translateY_speed&quot;:{&quot;unit&quot;:&quot;px&quot;,&quot;size&quot;:4,&quot;sizes&quot;:[]},&quot;background_motion_fx_translateY_affectedRange&quot;:{&quot;unit&quot;:&quot;%&quot;,&quot;size&quot;:&quot;&quot;,&quot;sizes&quot;:{&quot;start&quot;:0,&quot;end&quot;:100}},&quot;background_motion_fx_devices&quot;:[&quot;desktop&quot;,&quot;tablet&quot;,&quot;mobile&quot;]}\">\n\t\t\t\t\t<div class=\"e-con-inner\">\n\t\t\t\t<div class=\"elementor-element elementor-element-7db05d39 elementor-widget elementor-widget-heading\" data-id=\"7db05d39\" data-element_type=\"widget\" data-e-type=\"widget\" data-widget_type=\"heading.default\">\n\t\t\t\t\t<h5 class=\"elementor-heading-title elementor-size-default\">PSS - Powszechna Sp\u00f3\u0142dzielnia Spo\u017cywc\u00f3w<\/h5>\t\t\t\t<\/div>\n\t\t\t\t<div class=\"elementor-element elementor-element-7b637ea1 elementor-widget elementor-widget-heading\" data-id=\"7b637ea1\" data-element_type=\"widget\" data-e-type=\"widget\" data-widget_type=\"heading.default\">\n\t\t\t\t\t<h1 class=\"elementor-heading-title elementor-size-default\">Moje Do\u0142adowania<\/h1>\t\t\t\t<\/div>\n\t\t\t\t<div class=\"elementor-element elementor-element-6ac8a72e elementor-widget elementor-widget-heading\" data-id=\"6ac8a72e\" data-element_type=\"widget\" data-e-type=\"widget\" data-widget_type=\"heading.default\">\n\t\t\t\t\t<h5 class=\"elementor-heading-title elementor-size-default\">Us\u0142uga Moje do\u0142adowania to \u0142atwy i b\u0142yskawiczny spos\u00f3b do\u0142adowania konta Pa\u0144stwa kom\u00f3rki. Pozwala elektronicznie uzupe\u0142ni\u0107 konto telefoniczne przy okazji codziennych zakup\u00f3w.<\/h5>\t\t\t\t<\/div>\n\t\t\t\t<div class=\"elementor-element elementor-element-5d607242 elementor-widget__width-auto elementor-align-right elementor-widget elementor-widget-button\" data-id=\"5d607242\" data-element_type=\"widget\" data-e-type=\"widget\" data-widget_type=\"button.default\">\n\t\t\t\t\t\t\t\t\t\t<a class=\"elementor-button elementor-button-link elementor-size-sm\" href=\"#\">\n\t\t\t\t\t\t<span class=\"elementor-button-content-wrapper\">\n\t\t\t\t\t\t\t\t\t<span class=\"elementor-button-text\">Zapraszamy!<\/span>\n\t\t\t\t\t<\/span>\n\t\t\t\t\t<\/a>\n\t\t\t\t\t\t\t\t<\/div>\n\t\t\t\t\t<\/div>\n\t\t\t\t<\/div>\n\t\t<div class=\"elementor-element elementor-element-7c725de8 e-flex e-con-boxed e-con e-parent\" data-id=\"7c725de8\" data-element_type=\"container\" data-e-type=\"container\">\n\t\t\t\t\t<div class=\"e-con-inner\">\n\t\t\t\t<div class=\"elementor-element elementor-element-587be88 elementor-widget elementor-widget-home_page_section_v3_250\" data-id=\"587be88\" data-element_type=\"widget\" data-e-type=\"widget\" data-widget_type=\"home_page_section_v3_250.default\">\n\t\t\t\t<div class=\"elementor-widget-container\">\n\t\t\t\t\t\t\t<div class=\"hps-250-container\">\r\n\t\t\t<div class=\"hps-250-row\">\r\n\t\t\t\t<div class=\"hps-250-col hps-250-images hps-250-images-left hps-250-single-image\">\r\n\t\t\t\t\t<div class=\"hps-250-img-wrapper hps-250-img-large\" data-scroll-speed=\"0.1\">\r\n\t\t\t\t\t\t<img decoding=\"async\" src=\"https:\/\/demopss.pl\/wp-content\/uploads\/2026\/04\/moje-doladowania-pieniadze-pss-busko-zdroj-kasa.webp\" alt=\"\">\r\n\t\t\t\t\t<\/div>\r\n\t\t\t\t\t\t\t\t\t<\/div>\r\n\t\t\t\t<div class=\"hps-250-col hps-250-content\">\r\n\t\t\t\t\t<h2 class=\"hps-250-heading\">Moje Do\u0142adowania<\/h2>\r\n\t\t\t\t\t<div class=\"hps-250-text\"><p><strong>Spe\u0142nij swoje marzenia i spr\u00f3buj szcz\u0119\u015bcia \u2013 wy\u015blij Lotka w naszych sklepach Spo\u0142em! W wybranych plac\u00f3wkach mo\u017cesz szybko i wygodnie zagra\u0107, \u0142\u0105cz\u0105c codzienne zakupy z szans\u0105 na wygran\u0105. Zapraszamy do odwiedzenia naszych sklep\u00f3w i skorzystania z tej mo\u017cliwo\u015bci.<\/strong><\/p><p>Us\u0142ug\u0119 t\u0105 realizujemy we wszystkich naszych sklepach.<\/p><\/div>\r\n\t\t\t\t<\/div>\r\n\t\t\t<\/div>\r\n\t\t<\/div>\r\n\t\t\t\t\t\t<\/div>\n\t\t\t\t<\/div>\n\t\t\t\t\t<\/div>\n\t\t\t\t<\/div>\n\t\t\t\t<\/div>\n\t\t","protected":false},"excerpt":{"rendered":"<p>PSS &#8211; Powszechna Sp\u00f3\u0142dzielnia Spo\u017cywc\u00f3w Moje Do\u0142adowania Us\u0142uga Moje do\u0142adowania to \u0142atwy i b\u0142yskawiczny spos\u00f3b do\u0142adowania konta Pa\u0144stwa kom\u00f3rki. Pozwala elektronicznie uzupe\u0142ni\u0107 konto telefoniczne przy okazji codziennych zakup\u00f3w. Zapraszamy! Moje Do\u0142adowania Spe\u0142nij swoje marzenia i spr\u00f3buj szcz\u0119\u015bcia \u2013 wy\u015blij Lotka w naszych sklepach Spo\u0142em! W wybranych plac\u00f3wkach mo\u017cesz szybko i wygodnie zagra\u0107, \u0142\u0105cz\u0105c codzienne zakupy [&hellip;]<\/p>\n","protected":false},"author":1,"featured_media":0,"parent":0,"menu_order":0,"comment_status":"closed","ping_status":"closed","template":"","meta":{"_angie_page":false,"footnotes":""},"class_list":["post-427","page","type-page","status-publish","hentry"],"_links":{"self":[{"href":"https:\/\/demopss.pl\/index.php?rest_route=\/wp\/v2\/pages\/427","targetHints":{"allow":["GET"]}}],"collection":[{"href":"https:\/\/demopss.pl\/index.php?rest_route=\/wp\/v2\/pages"}],"about":[{"href":"https:\/\/demopss.pl\/index.php?rest_route=\/wp\/v2\/types\/page"}],"author":[{"embeddable":true,"href":"https:\/\/demopss.pl\/index.php?rest_route=\/wp\/v2\/users\/1"}],"replies":[{"embeddable":true,"href":"https:\/\/demopss.pl\/index.php?rest_route=%2Fwp%2Fv2%2Fcomments&post=427"}],"version-history":[{"count":7,"href":"https:\/\/demopss.pl\/index.php?rest_route=\/wp\/v2\/pages\/427\/revisions"}],"predecessor-version":[{"id":627,"href":"https:\/\/demopss.pl\/index.php?rest_route=\/wp\/v2\/pages\/427\/revisions\/627"}],"wp:attachment":[{"href":"https:\/\/demopss.pl\/index.php?rest_route=%2Fwp%2Fv2%2Fmedia&parent=427"}],"curies":[{"name":"wp","href":"https:\/\/api.w.org\/{rel}","templated":true}]}}